te m(-44).
482
Let g(k) = 86164*k + 947802. Determine g(-11).
-2
Let r(m) = -17*m**2 - 730*m - 7888. Calculate r(-21).
-55
Let u(o) = -69*o**2 - 2694*o + 121. Determine u(-39).
238
Let u(j) = 2*j**3 + 1575*j**2 - 17502*j + 6. Calculate u(11).
721
Let g(p) = -16596*p + 663692. Determine g(40).
-148
Let y(h) = h**2 + 2085*h + 99730. Calculate y(-49).
-34
Let v(o) = 85*o + 25995. Calculate v(-306).
-15
Let w(d) = 4*d**2 + 269*d + 372. What is w(-18)?
-3174
Let m(o) = 17*o**2 + 7358*o - 1312. Determine m(-433).
-13
Let v(i) = 2*i**3 - 82*i**2 - 221*i + 84. Calculate v(-3).
-45
Let o(l) = 55733*l - 111459. Determine o(2).
7
Let m(p) = -946*p**2 - 59*p - 3. Give m(-2).
-3669
Let d(z) = z**3 + 1063*z**2 + 812*z - 265509. Give d(-1062).
-9
Let b(k) = -3*k**2 + 89*k - 360. Determine b(9).
198
Let k(x) = 2196*x - 568770. What is k(259)?
-6
Let s(q) = -4970*q + 79524. Calculate s(16).
4
Let q(l) = -14*l**2 + 6174*l + 82635. Determine q(-13).
7
Let b(r) = 3*r**3 - 88*r**2 - 421*r + 29. Calculate b(-5).
-441
Let g(i) = 2*i**3 - 35*i**2 - 706*i + 12073. Determine g(16).
9
Let k(u) = 3*u**2 + 6508*u + 32431. Give k(-5).
-34
Let g(x) = -54*x**2 - 2038*x - 3400. Determine g(-36).
-16
Let j(x) = 2*x**3 - 74*x**2 + 18*x - 1439. Calculate j(39).
5347
Let f(k) = -k**3 - 1467*k**2 - 3271*k - 672. Determine f(-2).
10
Let f(w) = -59615*w + 536532. What is f(9)?
-3
Let p(q) = -1378*q - 5645. What is p(-4)?
-133
Let w(l) = -664*l - 9446. Give w(-15).
514
Let w(b) = 63*b**3 - b**2 - 145*b + 446. Determine w(3).
1703
Let u(t) = -110903*t + 664881. Determine u(6).
-537
Let b(j) = -160*j - 5759. What is b(-32)?
-639
Let d(j) = -28*j**2 - 164*j + 27. Calculate d(-6).
3
Let z(i) = 22*i**2 + 239*i - 963. What is z(-15)?
402
Let d(s) = -28938*s + 1041751. What is d(36)?
-17
Let g(u) = -223*u - 16263. Calculate g(-73).
16
Let f(y) = y**3 - 210*y**2 - 2389*y + 416578. What is f(212)?
-2
Let o(n) = 22742*n + 45289. Give o(-2).
-195
Let h(m) = -2*m**3 + 38*m**2 + 72*m - 1436. Give h(18).
508
Let t(h) = 14*h**2 - 278*h + 99. Give t(19).
-129
Let u(r) = -436711*r + 3056984. Give u(7).
7
Let x(y) = 299*y - 3618. Calculate x(11).
-329
Let s(z) = z**2 + 2018*z + 370032. What is s(-204)?
-24
Let f(i) = i**2 - 23625*i + 7641422. What is f(328)?
6
Let t(h) = -58092*h + 8365240. Give t(144).
-8
Let j(t) = -3*t**2 + 269*t - 1166. Calculate j(81).
940
Let l(j) = 62810*j + 502485. Calculate l(-8).
5
Let s(f) = -21*f**3 - f**2 + 2*f + 30. Calculate s(-3).
582
Let p(n) = 722*n + 16170. Calculate p(-22).
286
Let i(j) = 462806*j - 462701. Give i(1).
105
Let z(j) = -2631*j + 323613. Calculate z(123).
0
Let k(u) = -51*u**3 - 1987*u**2 + 114*u + 1390. What is k(-39)?
-14
Let m(w) = -13*w**2 + 7039*w + 119972. Determine m(558).
2
Let i(m) = -m**2 + 953*m - 34043. Give i(37).
-151
Let x(g) = -g**3 + 7*g**2 - 187*g + 1034. Determine x(6).
-52
Let w(g) = 53*g**3 - 25*g**2 - 11*g + 19. Calculate w(2).
321
Let o(x) = x**2 + 4061*x - 614224. Calculate o(146).
-2
Let i(k) = -659*k + 7279. Determine i(11).
30
Let u(m) = -113*m**2 + 638*m + 3. What is u(6)?
-237
Let z(m) = m**3 - 33*m**2 + 1991*m - 68842. Calculate z(34).
8
Let n(t) = 7314*t - 51329. What is n(7)?
-131
Let m(s) = -4840*s + 580895. Calculate m(120).
95
Let o(a) = -62013*a - 2728583. Determine o(-44).
-11
Let y(b) = 6*b**3 - 283*b**2 + 335*b - 630. Determine y(46).
-32
Let i(s) = 6080*s + 12763. Determine i(-2).
603
Let d(n) = -n**2 - 7*n + 10407. Give d(-104).
319
Let p(h) = -3*h**3 + 467*h**2 - 534*h + 35404. Determine p(155).
684
Let r(n) = -8*n**2 - 711*n + 192. Give r(-89).
103
Let x(u) = 40255*u - 201301. Calculate x(5).
-26
Let j(s) = -s**2 - 84410*s + 1519716. Determine j(18).
12
Let n(k) = k**2 - 478*k + 2914. What is n(6)?
82
Let a(k) = -11509*k + 1208506. Calculate a(105).
61
Let k(v) = 12*v**3 + 11*v**2 - 342*v - 64. Calculate k(5).
1
Let t(i) = -10*i**2 + 503*i - 416. What is t(50)?
-266
Let c(p) = 34651*p + 277275. Give c(-8).
67
Let c(g) = -4325*g**2 - 8657*g - 10. Determine c(-2).
4
Let h(n) = -n**3 + 16*n**2 - 45*n + 767. Calculate h(16).
47
Let o(b) = 916*b - 567923. Give o(620).
-3
Let h(u) = -1385*u + 5662. Give h(3).
1507
Let k(u) = 7*u**2 + 180*u - 1678. Give k(-33).
5
Let v(x) = 2*x**2 + 40711*x + 203499. Calculate v(-5).
-6
Let c(b) = -b**3 - 69*b**2 - 893*b - 488. Determine c(-52).
-20
Let d(y) = 570*y + 25194. Calculate d(-44).
114
Let s(h) = -h**2 - 520210*h + 6242667. What is s(12)?
3
Let s(k) = 226563*k + 1359363. Determine s(-6).
-15
Let i(f) = -f**3 + 21*f**2 - f + 698. Give i(21).
677
Let w(q) = -2*q**2 + 156*q + 2995. Calculate w(-16).
-13
Let x(v) = -17*v**2 - 531*v - 2960. Give x(-24).
-8
Let m(p) = -1459*p + 8766. Calculate m(6).
12
Let u(r) = -24*r**2 + 1777*r + 664. What is u(73)?
2489
Let x(d) = d**2 + 16226*d + 6021465. Determine x(-380).
-15
Let a(m) = -m**2 - 185*m - 8545. Give a(-88).
-9
Let d(h) = -24*h**3 + 100*h**2 - 731*h + 2895. What is d(4)?
35
Let t(w) = -2*w**3 + 52*w**2 - 387*w + 55. Determine t(6).
-827
Let m(y) = -3*y**2 + 6512*y + 1690724. Calculate m(2405).
9
Let x(o) = -9*o**3 - 710*o**2 + 55*o - 1903. Give x(-79).
-7
Let c(z) = 7*z**2 - 24360*z - 24355. Calculate c(-1).
12
Let c(x) = -6628*x + 39774. What is c(6)?
6
Let n(g) = -g**3 + 235*g**2 - 2236*g - 160. What is n(10)?
-20
Let i(t) = 276*t - 868. Determine i(-6).
-2524
Let x(i) = 6*i**3 + 15*i**2 + 59*i - 3. Determine x(-3).
-207
Let p(t) = -1320*t - 282482. Give p(-214).
-2
Let o(q) = -1995*q + 682284. What is o(342)?
-6
Let f(w) = w**3 - 15*w**2 - 80*w - 30. What is f(0)?
-30
Let b(q) = -1966*q + 114257. Calculate b(58).
229
Let w(h) = h**3 - 131*h**2 - 24*h + 3250. Determine w(131).
106
Let k(m) = -21*m**2 - 12565*m + 75357. What is k(6)?
-789
Let b(y) = -8*y**3 + 135*y**2 - 659*y - 6. Calculate b(5).
-926
Let p(d) = d**3 - 752*d**2 - 30015*d + 143. Determine p(-38).
-47
Let x(v) = v**3 + 13*v**2 + 2585*v + 36448. What is x(-14)?
62
Let y(a) = -141212*a + 423652. What is y(3)?
16
Let m(d) = 5*d**2 - 220*d + 2189. Determine m(43).
1974
Let j(b) = 26*b**2 + 2003*b + 37789. What is j(-33)?
4
Let f(t) = 1581*t - 32328. What is f(20)?
-708
Let i(t) = 3*t**2 - 2228*t - 3048919. What is i(-703)?
-8
Let m(o) = 16*o**3 + 3*o**2 - 127*o + 357. What is m(6)?
3159
Let k(z) = 10*z**2 + 203*z + 1423. Determine k(-7).
492
Let p(y) = -12201*y + 73339. Calculate p(6).
133
Let g(t) = t**2 + 1567*t - 15760. Determine g(10).
10
Let l(m) = m**3 - 120*m**2 + 987*m - 10181. Determine l(112).
11
Let p(g) = 32*g**3 + 73*g**2 + 142*g + 294. Calculate p(-2).
46
Let g(v) = -103*v + 1961. Determine g(19).
4
Let k(b) = 3*b**2 - 281*b - 83210. Determine k(-126).
-176
Let w(p) = 15*p - 597. Give w(38).
-27
Let s(i) = -3*i**2 + 419*i + 3950. What is s(-9)?
-64
Let q(i) = 366*i + 3264. Give q(-9).
-30
Let b(d) = -15*d**2 + 220*d + 12. Calculate b(11).
617
Let d(f) = 3628*f + 1110152. Determine d(-306).
-16
Let p(m) = 170*m + 10981. Calculate p(-62).
441
Let d(z) = 21078*z - 106294. What is d(5)?
-904
Let f(y) = 27*y**2 + 84*y - 552. Calculate f(7).
1359
Let p(u) = -57*u**2 - 65*u + 131. What is p(2)?
-227
Let v(j) = 15*j**3 + 3570*j**2 - 189*j - 44978. What is v(-238)?
4
Let i(c) = 4*c**3 - 287*c**2 + 38*c - 8387. What is i(72)?
-467
Let h(n) = -123*n**2 + 9*n - 53. Calculate h(3).
-1133
Let m(v) = -73*v**2 - 604*v - 1757. What is m(-3)?
-602
Let n(q) = 34*q**2 + 509*q + 882. Calculate n(-2).
0
Let k(y) = y**3 - 4*y**2 + 65576*y - 196724. What is k(3)?
-5
Let p(n) = n**3 - 56*n**2 + 406*n + 329. Determine p(48).
1385
Let p(m) = -986*m - 12627. Determine p(-13).
191
Let y(f) = 6*f**3 - 64*f**2 + 162*f - 1223. Give y(10).
-3
Let i(g) = -2*g**3 + 417*g**2 + 163*g + 9624. What is i(209)?
10
Let f(c) = 6*c**2 - 372*c + 1059. What is f(3)?
-3
Let u(q) = 640603*q - 640597. Give u(1).
6
Let k(q) = -q**2 + 2311*q + 30232. Give k(-13).
20
Let h(y) = y**2 + 792*y - 7207. Give h(-801).
2
Let n(h) = 3*h**3 + 5*h**2 + 39*h - 16. What is n(6)?
1046
Let b(l) = -258*l - 6531. Give b(-20).
-1371
Let a(h) = -2952*h**2 + 14779*h - 9. What is a(5)?
86
Let v(s) = s**3 - 1488*s**2 + 80285*s - 133179. Calculate v(1432).
-3
Let r(l) = 20*l**3 - 4517*l**2 + 377*l - 238424. Calculate r(226).
6
Let y(g) = -13214*g + 2404947. Calculate y(182).
-1
Let f(t) = 5599*t - 470555. What is f(84